{"id":35,"date":"2025-10-02T19:44:02","date_gmt":"2025-10-02T22:44:02","guid":{"rendered":"https:\/\/yampi.com.ar\/santotome3866\/?post_type=product&#038;p=35"},"modified":"2026-03-29T12:55:06","modified_gmt":"2026-03-29T15:55:06","slug":"caja-de-escoces","status":"publish","type":"product","link":"https:\/\/yampi.com.ar\/santotomerichieri\/producto\/caja-de-escoces\/","title":{"rendered":"Caja de Escoc\u00e9s"},"content":{"rendered":"<p>Helado sabor Americana, dulce de leche, decorado con ba\u00f1o de reposter\u00eda semiamargo y crocante de man\u00ed. Contiene 6 unidades de 95 gr c\/u.<\/p>\n","protected":false},"excerpt":{"rendered":"<p>Helado sabor Americana, dulce de leche, decorado con ba\u00f1o de reposter\u00eda semiamargo y crocante de man\u00ed. Contiene 6 unidades de 95 gr c\/u.<\/p>\n","protected":false},"featured_media":918,"comment_status":"open","ping_status":"closed","template":"","meta":[],"store":[],"product_brand":[],"product_cat":[19],"product_tag":[],"class_list":{"0":"post-35","1":"product","2":"type-product","3":"status-publish","4":"has-post-thumbnail","6":"product_cat-postres-helados","8":"first","9":"outofstock","10":"shipping-taxable","11":"product-type-simple"},"exclude_global_add_ons":[],"addons":[],"_links":{"self":[{"href":"https:\/\/yampi.com.ar\/santotomerichieri\/wp-json\/wp\/v2\/product\/35","targetHints":{"allow":["GET"]}}],"collection":[{"href":"https:\/\/yampi.com.ar\/santotomerichieri\/wp-json\/wp\/v2\/product"}],"about":[{"href":"https:\/\/yampi.com.ar\/santotomerichieri\/wp-json\/wp\/v2\/types\/product"}],"replies":[{"embeddable":true,"href":"https:\/\/yampi.com.ar\/santotomerichieri\/wp-json\/wp\/v2\/comments?post=35"}],"wp:featuredmedia":[{"embeddable":true,"href":"https:\/\/yampi.com.ar\/santotomerichieri\/wp-json\/wp\/v2\/media\/918"}],"wp:attachment":[{"href":"https:\/\/yampi.com.ar\/santotomerichieri\/wp-json\/wp\/v2\/media?parent=35"}],"wp:term":[{"taxonomy":"store","embeddable":true,"href":"https:\/\/yampi.com.ar\/santotomerichieri\/wp-json\/wp\/v2\/store?post=35"},{"taxonomy":"product_brand","embeddable":true,"href":"https:\/\/yampi.com.ar\/santotomerichieri\/wp-json\/wp\/v2\/product_brand?post=35"},{"taxonomy":"product_cat","embeddable":true,"href":"https:\/\/yampi.com.ar\/santotomerichieri\/wp-json\/wp\/v2\/product_cat?post=35"},{"taxonomy":"product_tag","embeddable":true,"href":"https:\/\/yampi.com.ar\/santotomerichieri\/wp-json\/wp\/v2\/product_tag?post=35"}],"curies":[{"name":"wp","href":"https:\/\/api.w.org\/{rel}","templated":true}]}}